266972 a multiple of 418?
True
Is 52140976 a multiple of 8?
True
Does 28 divide 11156180?
True
Does 115 divide 109441590?
True
Is 3521788698 a multiple of 7206?
False
Is 37 a factor of 8435921?
False
Is 2857 a factor of 415830636?
True
Does 139 divide 2241463?
False
Is 695 a factor of 14122002?
False
Is 705 a factor of 287968698?
False
Does 11 divide 1031698860?
False
Is 13 a factor of 866659639?
False
Is 15323630 a multiple of 158?
True
Is 309 a factor of 5800212?
False
Does 187 divide 103896452?
True
Is 796598586 a multiple of 6678?
True
Is 200160620 a multiple of 3865?
True
Does 93 divide 50614751?
False
Is 177320276 a multiple of 5?
False
Does 12636 divide 2396240695?
False
Does 344 divide 17504784?
True
Is 307386177 a multiple of 563?
True
Is 1511 a factor of 10020952?
True
Does 4 divide 391574?
False
Is 2058454807 a multiple of 74?
False
Is 22499360 a multiple of 580?
True
Is 3431230727 a multiple of 12449?
True
Is 239713074 a multiple of 27?
True
Does 719 divide 1296861019?
True
Does 2058 divide 500094?
True
Is 729 a factor of 18528692?
False
Does 26 divide 10990824?
True
Is 9434112 a multiple of 128?
True
Does 2481 divide 395854022?
False
Is 14 a factor of 512834893?
False
Is 59258527 a multiple of 193?
True
Is 12368138 a multiple of 10?
False
Is 366 a factor of 2389134579?
False
Is 92 a factor of 9968016?
True
Is 2351 a factor of 43016247?
True
Is 4699368 a multiple of 72?
True
Is 36 a factor of 109966035?
False
Is 61 a factor of 22995963?
True
Is 13945420 a multiple of 10?
True
Is 54451432 a multiple of 179?
False
Is 187 a factor of 477195602?
False
Is 252 a factor of 20753875?
False
Is 480789114 a multiple of 19?
False
Is 113792847 a multiple of 93?
True
Is 511764793 a multiple of 617?
False
Is 338425 a multiple of 213?
False
Is 71207454 a multiple of 177?
True
Does 3749 divide 2747495889?
True
Is 142 a factor of 196621010?
True
Is 11693065 a multiple of 2315?
True
Does 15 divide 1575810?
True
Is 86165498 a multiple of 1175?
False
Does 26 divide 24930698?
True
Is 5 a factor of 796565?
True
Is 633592471 a multiple of 14?
False
Is 23747519 a multiple of 31?
True
Is 588 a factor of 8887032?
True
Is 2420066838 a multiple of 21?
True
Is 23 a factor of 9458450?
False
Is 215 a factor of 1695384536?
False
Is 938 a factor of 510922240?
False
Does 132 divide 2558434259?
False
Is 530764154 a multiple of 12?
False
Does 167 divide 65889015?
True
Is 2361 a factor of 60557289?
True
Is 1075 a factor of 115967018?
False
Does 42 divide 21561761?
False
Is 48 a factor of 36845040?
True
Does 3 divide 274270632?
True
Is 25944116 a multiple of 1034?
False
Does 4 divide 2335966576?
True
Is 113 a factor of 582526739?
False
Is 307804320 a multiple of 480?
True
Is 1250328465 a multiple of 428?
False
Is 426947586 a multiple of 334?
False
Is 167 a factor of 1504268600?
False
Is 3982 a factor of 78290102?
True
Is 65987019 a multiple of 133?
True
Does 200 divide 15057852?
False
Is 2307 a factor of 5338732515?
True
Does 301 divide 597339630?
False
Is 5 a factor of 23221310?
True
Is 90393921 a multiple of 321?
True
Does 11 divide 1367050757?
False
Is 1147 a factor of 54361704?
False
Is 180 a factor of 201116166?
False
Is 377123364 a multiple of 36?
True
Is 4273255 a multiple of 7?
True
Does 526 divide 6521348?
True
Does 160 divide 393477398?
False
Does 37 divide 1991563073?
True
Is 21 a factor of 27277216?
False
Is 62319340 a multiple of 1589?
False
Does 1961 divide 3804340?
True
Is 16020378 a multiple of 18?
True
Is 2337 a factor of 63099000?
True
Is 17 a factor of 20485969?
True
Does 144 divide 56000626?
False
Is 172984321 a multiple of 330?
False
Does 8 divide 1978745?
False
Is 105 a factor of 721570149?
False
Is 89 a factor of 3387882113?
False
Is 137 a factor of 91984677?
True
Is 90 a factor of 3121950780?
True
Is 3133202736 a multiple of 314?
False
Is 14 a factor of 51697758?
True
Is 78 a factor of 168659478?
True
Is 590 a factor of 251361008?
False
Is 2793483 a multiple of 609?
True
Is 71854992 a multiple of 132?
True
Is 53792420 a multiple of 170?
True
Is 39 a factor of 2385692?
False
Does 54 divide 493946694?
True
Is 37 a factor of 107007763?
False
Is 16 a factor of 365931273?
False
Is 7399 a factor of 142194174?
False
Does 30 divide 80465430?
True
Is 122688387 a multiple of 3?
True
Is 10610663 a multiple of 343?
False
Is 1778 a factor of 72482512?
False
Does 141 divide 232603611?
True
Is 396 a factor of 193183452?
True
Does 597 divide 328046441?
False
Does 3260 divide 17258440?
True
Is 2835 a factor of 435073275?
True
Does 2824 divide 197216864?
True
Does 67 divide 4202912?
False
Does 1224 divide 775739376?
True
Is 71341248 a multiple of 204?
True
Is 185098770 a multiple of 81?
True
Is 1677683749 a multiple of 123?
False
Does 14 divide 4878580?
True
Is 491 a factor of 28456396?
True
Is 8457996 a multiple of 75?
False
Is 121065693 a multiple of 409?
False
Is 26 a factor of 341693007?
False
Does 2522 divide 60874576?
False
Is 204336999 a multiple of 97?
True
Is 512 a factor of 56785920?
True
Is 478009176 a multiple of 261?
False
Does 18 divide 753352578?
True
Is 127165776 a multiple of 185?
False
Does 1166 divide 212435872?
True
Is 448697315 a multiple of 15?
False
Does 8166 divide 648978013?
False
Is 232351505 a multiple of 223?
True
Is 2290661823 a multiple of 45?
False
Does 14 divide 41696141?
False
Is 295 a factor of 129197020?
True
Does 292 divide 143428648?
True
Is 18 a factor of 269668044?
True
Does 2773 divide 125480476?
False
Does 3 divide 2613110?
False
Is 99658050 a multiple of 1137?
True
Is 4190939 a multiple of 6?
False
Is 75 a factor of 873199875?
True
Is 9 a factor of 219444381?
True
Does 2389 divide 29321026?
False
Is 6034574 a multiple of 91?
True
Is 40 a factor of 855538889?
False
Does 51 divide 321295563?
True
Is 9384298 a multiple of 14?
True
Is 79 a factor of 140823188?
True
Does 2188 divide 1869934864?
False
Does 33 divide 17445186?
True
Does 325 divide 28394925?
True
Is 19 a factor of 266711227?
True
Is 196217770 a multiple of 1630?
True
Is 360133003 a multiple of 182?
False
Is 117893321 a multiple of 13?
True
Does 2246 divide 51706798?
False
Is 25 a factor of 889116275?
True
Is 2804007060 a multiple of 152?
False
Is 218808069 a multiple of 2093?
False
Is 138438976 a multiple of 23?
False
Does 1350 divide 1267216160?
False
Does 549 divide 101827293?
False
Is 1139 a factor of 1143494470?
False
Is 2826 a factor of 6850033?
False
Is 11 a factor of 7106594?
True
Does 41 divide 33300077?
True
Is 11463318 a multiple of 33?
False
Is 361573280 a multiple of 16?
True
Is 432220026 a multiple of 751?
True
Does 5 divide 249041382?
False
Is 38864148 a multiple of 47?
False
Is 14 a factor of 495426?
False
Does 78 divide 5160480?
True
Does 4822 divide 3413976?
True
Is 1176 a factor of 17189956?
False
Is 93477564 a multiple of 2194?
True
Does 1028 divide 341857423?
False
Does 15 divide 149334420?
True
Is 13 a factor of 1523679326?
True
Is 5736296 a multiple of 652?
True
Does 317 divide 57139233?
False
Is 598 a factor of 1138007754?
True
Is 2994063464 a multiple of 4088?
True
Does 390 divide 243538620?
True
Is 680 a factor of 382822320?
True
Does 57 divide 72534456?
False
Is 2109 a factor of 2083608?
False
Is 914557129 a multiple of 30?
False
Is 3 a factor of 480808307?
False
Is 66943570 a multiple of 239?
False
Is 1323609658 a multiple of 37?
True
Is 536170446 a multiple of 267?
False
Is 295143820 a multiple of 23?
True
Does 17 divide 150954611?
True
Is 84599044 a multiple of 16?
False
Does 202 divide 63152270?
True
Does 2050 divide 445114450?
True
Does 50 divide 37694683?
False
Is 3807 a factor of 765542014?
False
Is 487 a factor of 433906773?
True
Does 92 divide 71493660?
True
Is 23 a factor of 1759373?
False
Is 60733621 a multiple of 6?
False
Does 197 divide 2137714105?
False
Is 382788403 a multiple of 31?
True
Does 417 divide 30514392?
True
Is 6 a factor of 27235662?
True
Is 4753270 a multiple of 119?
False
Does 3287 divide 710685557?
True
Does 126 divide 39591846?
True
Does 400 divide 1715721662?
False
Is 386 a factor of 605212102?
True
Is 31721358 a multiple of 4773?
True
Is 1399580700 a multiple of 42?
True
Does 706 divide 29027288?
False
Is 19773348 a multiple of 6?
True
Is 146 a factor of 39722804?
True
Is 481 a factor of 109894551?
Tru